the prime factors of 8226479.
23, 15551
List the prime factors of 1720310.
2, 5, 172031
List the prime factors of 209501.
383, 547
List the prime factors of 1516680.
2, 3, 5, 11, 383
What are the prime factors of 3812255?
5, 19, 40129
What are the prime factors of 16287594?
2, 3, 113, 24023
What are the prime factors of 7773514?
2, 7, 555251
List the prime factors of 7939013.
137, 167, 347
What are the prime factors of 1356202?
2, 678101
What are the prime factors of 520457?
7, 149, 499
What are the prime factors of 11706361?
41, 285521
What are the prime factors of 848605?
5, 43, 3947
List the prime factors of 3474179.
3474179
What are the prime factors of 316336?
2, 17, 1163
What are the prime factors of 204831?
3, 11, 2069
List the prime factors of 34918723.
7, 71, 10037
List the prime factors of 11011431.
3, 19, 193183
List the prime factors of 237419.
7, 13, 2609
List the prime factors of 93721.
17, 37, 149
List the prime factors of 2848427.
179, 15913
What are the prime factors of 10302?
2, 3, 17, 101
List the prime factors of 1030001.
7, 269, 547
What are the prime factors of 169248?
2, 3, 41, 43
What are the prime factors of 319064?
2, 39883
What are the prime factors of 370547?
370547
List the prime factors of 321982.
2, 199, 809
List the prime factors of 713081.
29, 67, 367
List the prime factors of 3144397.
829, 3793
What are the prime factors of 570282?
2, 3, 17, 5591
What are the prime factors of 185071?
185071
What are the prime factors of 4665427?
13, 358879
What are the prime factors of 7659190?
2, 5, 7, 11, 29
List the prime factors of 1020421.
103, 9907
What are the prime factors of 300491?
300491
List the prime factors of 986087.
29, 37, 919
List the prime factors of 4584876.
2, 3, 382073
List the prime factors of 708622.
2, 139, 2549
What are the prime factors of 3266058?
2, 3, 223, 2441
List the prime factors of 219391.
41, 5351
What are the prime factors of 28966?
2, 7, 2069
List the prime factors of 150984.
2, 3, 233
What are the prime factors of 454583?
233, 1951
List the prime factors of 3143924.
2, 7, 47, 2389
List the prime factors of 2904771.
3, 53, 18269
What are the prime factors of 643685?
5, 7, 53, 347
List the prime factors of 284862.
2, 3, 197, 241
What are the prime factors of 2174054?
2, 1087027
What are the prime factors of 2384795?
5, 7, 61, 1117
List the prime factors of 698206.
2, 59, 61, 97
What are the prime factors of 594316?
2, 148579
What are the prime factors of 2847?
3, 13, 73
What are the prime factors of 397674?
2, 3, 22093
List the prime factors of 63754.
2, 127, 251
What are the prime factors of 816670?
2, 5, 81667
List the prime factors of 3445740.
2, 3, 5, 709
List the prime factors of 14199032.
2, 1774879
List the prime factors of 391037.
163, 2399
What are the prime factors of 4309237?
127, 33931
List the prime factors of 329475.
3, 5, 23, 191
What are the prime factors of 68468?
2, 17117
List the prime factors of 2248260.
2, 3, 5, 7, 53, 101
List the prime factors of 1502190.
2, 3, 5, 16691
List the prime factors of 5967706.
2, 347, 8599
List the prime factors of 417574.
2, 208787
List the prime factors of 3769865.
5, 11, 68543
List the prime factors of 1815257.
37, 71, 691
List the prime factors of 83228.
2, 20807
List the prime factors of 3198636.
2, 3, 7, 4231
List the prime factors of 265327.
37, 71, 101
What are the prime factors of 4545758?
2, 7, 324697
List the prime factors of 2553623.
1429, 1787
List the prime factors of 16694721.
3, 618323
What are the prime factors of 5811?
3, 13, 149
List the prime factors of 3362328.
2, 3, 17, 41, 67
List the prime factors of 794893.
11, 127, 569
What are the prime factors of 1341617?
1341617
What are the prime factors of 857845?
5, 37, 4637
List the prime factors of 2538370.
2, 5, 29, 8753
List the prime factors of 5770061.
11, 31, 16921
What are the prime factors of 132623?
132623
List the prime factors of 238009.
238009
What are the prime factors of 1923823?
11, 174893
What are the prime factors of 6603597?
3, 7, 11, 13, 733
List the prime factors of 128356.
2, 32089
What are the prime factors of 110920?
2, 5, 47, 59
What are the prime factors of 547130?
2, 5, 54713
List the prime factors of 435994.
2, 13, 41, 409
List the prime factors of 399690.
2, 3, 5, 4441
What are the prime factors of 124806?
2, 3, 11, 31, 61
List the prime factors of 11852960.
2, 5, 7, 19, 557
List the prime factors of 9788945.
5, 1957789
List the prime factors of 815970.
2, 3, 5, 59, 461
What are the prime factors of 4132602?
2, 3, 229589
What are the prime factors of 6100924?
2, 31, 49201
List the prime factors of 2312123.
11, 210193
List the prime factors of 1967609.
7, 103, 2729
What are the prime factors of 55547?
55547
List the prime factors of 423063.
3, 1741
What are the prime factors of 11101309?
1291, 8599
What are the prime factors of 422792?
2, 41, 1289
List the prime factors of 26186759.
26186759
List the prime factors of 716674.
2, 7, 71, 103
What are the prime factors of 1909432?
2, 7, 4871
What are the prime factors of 4375165?
5, 875033
List the prime factors of 463049.
19, 24371
What are the prime factors of 15944537?
7, 257, 8863
What are the prime factors of 392808?
2, 3, 13, 1259
List the prime factors of 138576.
2, 3, 2887
What are the prime factors of 290596?
2, 72649
What are the prime factors of 264233?
19, 13907
List the prime factors of 2244717.
3, 19, 13127
What are the prime factors of 2661516?
2, 3, 11, 13, 47
List the prime factors of 171531.
3, 6353
List the prime factors of 379485.
3, 5, 937
What are the prime factors of 96536?
2, 11, 1097
List the prime factors of 1107982.
2, 553991
What are the prime factors of 1420089?
3, 11, 23, 1871
List the prime factors of 328140.
2, 3, 5, 1823
List the prime factors of 699682.
2, 349841
What are the prime factors of 1568225?
5, 149, 421
What are the prime factors of 397319?
13, 2351
What are the prime factors of 5071051?
83, 107, 571
List the prime factors of 960509.
11, 29, 3011
List the prime factors of 2339806.
2, 7, 37, 4517
List the prime factors of 78886.
2, 39443
What are the prime factors of 5736368?
2, 11, 2963
List the prime factors of 487214.
2, 7, 13, 2677
List the prime factors of 5129872.
2, 11, 29147
List the prime factors of 353938.
2, 13, 13613
What are the prime factors of 279951?
3, 7, 13331
What are the prime factors of 2279992?
2, 11, 13, 1993
List the prime factors of 8784188.
2, 7, 313721
What are the prime factors of 178857?
3, 7, 17, 167
What are the prime factors of 3658384?
2, 373, 613
What are the prime factors of 399391?
399391
What are the prime factors of 709186?
2, 61, 5813
What are the prime factors of 410688?
2, 3, 23, 31
What are the prime factors of 2445961?
7, 349423
List the prime factors of 3265976.
2, 7, 58321
What are the prime factors of 47790?
2, 3, 5, 59
List the prime factors of 9684.
2, 3, 269
What are the prime factors of 34107?
3, 11369
List the prime factors of 4759392.
2, 3, 11, 4507
List the prime factors of 198389.
29, 6841
List the prime factors of 12752021.
19, 671159
What are the prime factors of 24328659?
3, 8109553
What are the prime factors of 4631914?
2, 7, 373, 887
List the prime factors of 1291938.
2, 3, 163, 1321
List the prime factors of 1837763.
1837763
List the prime factors of 221015.
5, 44203
What are the prime factors of 25743421?
11, 1087, 2153
List the prime factors of 26803.
7, 547
List the prime factors of 2028668.
2, 19, 26693
List the prime factors of 3016191.
3, 17, 59141
List the prime factors of 32106.
2, 3, 5351
What are the prime factors of 1000489?
7, 47, 3041
List the prime factors of 2942.
2, 1471
What are the prime factors of 6173474?
2, 3086737
What are the prime factors of 1804946?
2, 11, 13, 6311
What are the prime factors of 2724?
2, 3, 227
What are the prime factors of 32389?
7, 661
List the prime factors of 2508830.
2, 5, 31, 8093
List the prime factors of 274374.
2, 3, 5081
List the prime factors of 1290398.
2, 193, 3343
What are the prime factors of 256147?
256147
What are the prime factors of 2580503?
197, 13099
List the prime factors of 21531.
3, 7177
What are the prime factors of 3298441?
3298441
What are the prime factors of 8297829?
3, 233, 1319
List the prime factors of 68958.
2, 3, 1277
List